{"version":"1.0","provider_name":"F\u00e9d\u00e9ration interprofessionnelle de la sant\u00e9 du Qu\u00e9bec","provider_url":"https:\/\/www.fiqsante.qc.ca\/en\/","author_name":"Benoit Riopel","author_url":"https:\/\/www.fiqsante.qc.ca\/en\/author\/client\/","title":"Deployment of the 2024-2028 collective agreement - F\u00e9d\u00e9ration interprofessionnelle de la sant\u00e9 du Qu\u00e9bec","type":"rich","width":600,"height":338,"html":"<blockquote class=\"wp-embedded-content\" data-secret=\"pwdnZcFw2E\"><a href=\"https:\/\/www.fiqsante.qc.ca\/en\/conditions\/negotiations\/\">Deployment of the 2024-2028 collective agreement<\/a><\/blockquote><iframe sandbox=\"allow-scripts\" security=\"restricted\" src=\"https:\/\/www.fiqsante.qc.ca\/en\/conditions\/negotiations\/embed\/#?secret=pwdnZcFw2E\" width=\"600\" height=\"338\" title=\"&#8220;Deployment of the 2024-2028 collective agreement&#8221; &#8212; F\u00e9d\u00e9ration interprofessionnelle de la sant\u00e9 du Qu\u00e9bec\" data-secret=\"pwdnZcFw2E\" frameborder=\"0\" marginwidth=\"0\" marginheight=\"0\" scrolling=\"no\" class=\"wp-embedded-content\"><\/iframe><script type=\"text\/javascript\">\n\/* <![CDATA[ *\/\n\/*! This file is auto-generated *\/\n!function(d,l){\"use strict\";l.querySelector&&d.addEventListener&&\"undefined\"!=typeof URL&&(d.wp=d.wp||{},d.wp.receiveEmbedMessage||(d.wp.receiveEmbedMessage=function(e){var t=e.data;if((t||t.secret||t.message||t.value)&&!\/[^a-zA-Z0-9]\/.test(t.secret)){for(var s,r,n,a=l.querySelectorAll('iframe[data-secret=\"'+t.secret+'\"]'),o=l.querySelectorAll('blockquote[data-secret=\"'+t.secret+'\"]'),c=new RegExp(\"^https?:$\",\"i\"),i=0;i<o.length;i++)o[i].style.display=\"none\";for(i=0;i<a.length;i++)s=a[i],e.source===s.contentWindow&&(s.removeAttribute(\"style\"),\"height\"===t.message?(1e3<(r=parseInt(t.value,10))?r=1e3:~~r<200&&(r=200),s.height=r):\"link\"===t.message&&(r=new URL(s.getAttribute(\"src\")),n=new URL(t.value),c.test(n.protocol))&&n.host===r.host&&l.activeElement===s&&(d.top.location.href=t.value))}},d.addEventListener(\"message\",d.wp.receiveEmbedMessage,!1),l.addEventListener(\"DOMContentLoaded\",function(){for(var e,t,s=l.querySelectorAll(\"iframe.wp-embedded-content\"),r=0;r<s.length;r++)(t=(e=s[r]).getAttribute(\"data-secret\"))||(t=Math.random().toString(36).substring(2,12),e.src+=\"#?secret=\"+t,e.setAttribute(\"data-secret\",t)),e.contentWindow.postMessage({message:\"ready\",secret:t},\"*\")},!1)))}(window,document);\n\/\/# sourceURL=https:\/\/www.fiqsante.qc.ca\/wp-includes\/js\/wp-embed.min.js\n\/* ]]> *\/\n<\/script>\n","thumbnail_url":"https:\/\/www.fiqsante.qc.ca\/wp-content\/uploads\/2025\/04\/2.png","thumbnail_width":850,"thumbnail_height":550,"description":"[vc_row content_placement=&#8221;top&#8221;][vc_column][vc_single_image image=&#8221;6810&#8243; img_size=&#8221;full&#8221; css=&#8221;.vc_custom_1744739985000{margin-bottom: 0px !important;}&#8221;][vc_empty_space][\/vc_column][vc_column][vc_empty_space][\/vc_column][vc_column width=&#8221;7\/12&#8243;][vc_column_text css=&#8221;&#8221;]On December 5, 2024, the FIQ and the government signed the new 2024-2028 collective agreement. This step officially marked the end of the collective negotiations and the coming into force of your new provincial collective agreement. The new collective agreement went into effect on December 15. 2024. [&hellip;]"}

Fédération interprofessionnelle de la santé du Québec

Deployment of the 2024-2028 collective agreement - Fédération interprofessionnelle de la santé du Québec

<blockquote class="wp-embedded-content" data-secret="pwdnZcFw2E"><a href="https://www.fiqsante.qc.ca/en/conditions/negotiations/">Deployment of the 2024-2028 collective agreement</a></blockquote><iframe sandbox="allow-scripts" security="restricted" src="https://www.fiqsante.qc.ca/en/conditions/negotiations/embed/#?secret=pwdnZcFw2E" width="600" height="338" title="&#8220;Deployment of the 2024-2028 collective agreement&#8221; &#8212; Fédération interprofessionnelle de la santé du Québec" data-secret="pwdnZcFw2E" frameborder="0" marginwidth="0" marginheight="0" scrolling="no" class="wp-embedded-content"></iframe><script type="text/javascript">
/* <![CDATA[ */
/*! This file is auto-generated */
!function(d,l){"use strict";l.querySelector&&d.addEventListener&&"undefined"!=typeof URL&&(d.wp=d.wp||{},d.wp.receiveEmbedMessage||(d.wp.receiveEmbedMessage=function(e){var t=e.data;if((t||t.secret||t.message||t.value)&&!/[^a-zA-Z0-9]/.test(t.secret)){for(var s,r,n,a=l.querySelectorAll('iframe[data-secret="'+t.secret+'"]'),o=l.querySelectorAll('blockquote[data-secret="'+t.secret+'"]'),c=new RegExp("^https?:$","i"),i=0;i<o.length;i++)o[i].style.display="none";for(i=0;i<a.length;i++)s=a[i],e.source===s.contentWindow&&(s.removeAttribute("style"),"height"===t.message?(1e3<(r=parseInt(t.value,10))?r=1e3:~~r<200&&(r=200),s.height=r):"link"===t.message&&(r=new URL(s.getAttribute("src")),n=new URL(t.value),c.test(n.protocol))&&n.host===r.host&&l.activeElement===s&&(d.top.location.href=t.value))}},d.addEventListener("message",d.wp.receiveEmbedMessage,!1),l.addEventListener("DOMContentLoaded",function(){for(var e,t,s=l.querySelectorAll("iframe.wp-embedded-content"),r=0;r<s.length;r++)(t=(e=s[r]).getAttribute("data-secret"))||(t=Math.random().toString(36).substring(2,12),e.src+="#?secret="+t,e.setAttribute("data-secret",t)),e.contentWindow.postMessage({message:"ready",secret:t},"*")},!1)))}(window,document);
//# sourceURL=https://www.fiqsante.qc.ca/wp-includes/js/wp-embed.min.js
/* ]]> */
</script>
